 g?
89
Let m be 4 + -2 + -10 - 2. Let h(x) = 9 - 4*x - 5 - 2 + 3*x. List the prime factors of h(m).
2, 3
Let q = 14 - 13. Suppose 4 = s - 1. List the prime factors of q/s + (-117)/(-15).
2
Let d be 1/3 - 42/18. Let l be 3 - (d - (-1 - 0)). Suppose -l*j + 28 = 4. List the prime factors of j.
2, 3
Let f = -36 - -54. What are the prime factors of f + -4 - (-1 + 0)?
3, 5
Suppose -11*o - 63 = -14*o. List the prime factors of o.
3, 7
Suppose 5*f - 3*f = -n + 9, -3*n = 5*f - 30. Let s = 31 - n. List the prime factors of s.
2
Let k = 12 - 6. List the prime factors of k.
2, 3
Suppose 8 = -0*b + 4*b. Let w be b/9 + (-392)/(-18). Suppose -2*s + 4*y + w = 0, 2*s - s - 3*y - 15 = 0. List the prime factors of s.
3
Suppose -v - 15 = -2*m - 0*v, -3*m + 25 = -4*v. Suppose 0 = -m*k + 6*k + 42. List the prime factors of k.
2, 3, 7
Let l(a) = a**3 + 4*a**2 + 3*a - 2. Let g be l(-3). Let i = g + 0. List the prime factors of 45/6 + (-1)/i.
2
Let r(j) = -j**3 - j**2 - j + 2. Let n be r(0). Let q = 1 + n. What are the prime factors of q?
3
Let r be 12/(-54) + (-38)/(-9). Let v = -3 + 7. Suppose -5*q + r*q = -v. List the prime factors of q.
2
Let q = 6 - 4. Let b be 1 - (-3 + q)/1. Suppose b*d - 14 = -5*s + 6, 0 = -5*s - 20. List the prime factors of d.
2, 5
Suppose o - 27 - 26 = 0. List the prime factors of o.
53
Let g(b) = 8*b + 15. What are the prime factors of g(10)?
5, 19
Let i be 1 + -2 - -1 - -3. Suppose -2*k = -0*k + 10, -i*l + 2*k = -46. What are the prime factors of l?
2, 3
Suppose 5*b + 2*v + 10 = -15, -2*b + v - 1 = 0. List the prime factors of 1/((-224)/(-74) + b).
37
Let x(d) = d**2 - 8*d + 5. Let o be x(5). Let a(u) = -4*u + 11. What are the prime factors of a(o)?
3, 17
Let v be -2 - (0/(-1))/(-2). What are the prime factors of 1 + 0 - 20/v?
11
Suppose 2*x = -10*x + 984. What are the prime factors of x?
2, 41
Let a(d) = -d - 2. Let z be a(-7). Suppose -5*b + 26 = -z*r - 109, -2*b - 3*r + 29 = 0. List the prime factors of (-4)/b - 255/(-11).
23
Let l(o) = 3*o**3 + 1 + 3*o**3 - 2*o**2 + o**2 - o. Let f be l(1). Suppose 3*q + 13 = 3*d - d, -3*q + 43 = f*d. What are the prime factors of d?
2
Let p be (-2)/8 + 91/28. Let v(o) = 2 + p*o - 4 + 0. List the prime factors of v(4).
2, 5
Let l = 2 + -2. Suppose l = 5*d - 2*d. Suppose d = 2*j - 6*j - m + 46, j = 2*m + 7. List the prime factors of j.
11
Suppose -3*b = 1 + 14, -4*b - 36 = 4*g. What are the prime factors of (-3)/(42/g)*7?
2
Suppose 3*p - 130 = -5*s, -s = s + p - 51. List the prime factors of s.
23
Let c(m) = -m**3 - 12*m**2 - 23*m - 17. What are the prime factors of c(-10)?
13
Let g(p) be the third derivative of 0 + 0*p - 13/24*p**4 + 2*p**2 - 1/6*p**3. What are the prime factors of g(-1)?
2, 3
Suppose 28 = 3*b - 20. Let g = b + -10. Suppose -s + g*s - 30 = 0. What are the prime factors of s?
2, 3
Let t = 3 - 1. Let y(w) = -6*w - 2 - w - w**t + 0*w**2. List the prime factors of y(-5).
2
Let t(r) = -r**2 + 9*r - 5. Let v be t(8). Suppose -v*s - 5 = -53. What are the prime factors of s?
2
Suppose 51 = 4*g + t, -2*t = 4*g + 2*t - 60. List the prime factors of g.
2, 3
Let v(w) = -9*w**3 + w. What are the prime factors of v(-1)?
2
What are the prime factors of (-30)/40 + 511/4?
127
Suppose 82*a + 1005 = 87*a. List the prime factors of a.
3, 67
Suppose -t - 2*t = -69. List the prime factors of t.
23
Let t(f) = f**3 + f**2 - f + 4. Let m be t(0). Let h be (-41)/(-4) + (-1)/m. Suppose -26 = -3*s + h. List the prime factors of s.
2, 3
Let i(a) = -3*a + 9. Let n(u) = 2*u - 4. Let t(f) = -3*i(f) - 7*n(f). List the prime factors of t(-1).
2, 3
Let o = -83 - -145. Let l = 89 - o. What are the prime factors of l?
3
Suppose 0 = 4*a - g + 3 + 2, -a + 3*g = -7. What are the prime factors of a*(-1 - (-14)/(-4))?
3
Let p be 2*((-22)/(-4) - 3). Suppose 5*o - 4*h - 16 = 24, 25 = p*o - h. Suppose 0 = -2*y + 4*s + 38, y = -0*s + o*s + 23. List the prime factors of y.
3, 5
Let a = 37 - -6. What are the prime factors of a?
43
Let m = 4 - -1. Let o = 7 - m. List the prime factors of 1/o*12/1.
2, 3
Suppose 4*d + 5 + 27 = 0. What are the prime factors of (-100)/d*(-6)/(-5)?
3, 5
Suppose 3*z = -m - 28, 0 = 3*z - m - 0*m + 26. Let b = 0 - -2. What are the prime factors of -1 + (4/b - z)?
2, 5
Suppose 2*x - x = -18. Suppose -l = 5*c + 40, 4*c + 37 = -0*l - l. Let u = x - l. List the prime factors of u.
7
Suppose 0 = -q - 0 + 1. Suppose -w = -3*w + 6, 5*l - q = 3*w. What are the prime factors of (9/3 - l)*14?
2, 7
Let w = 38 + -27. List the prime factors of w.
11
Suppose -7*d = -3*d + 16, -101 = -3*t - d. Let c = t - 19. What are the prime factors of c?
2
Suppose 0 = 4*v - 5 + 1. What are the prime factors of v/(-1) + -1 - -16?
2, 7
Let y(q) = 2*q**3 - 4*q**2 - 4. Let l be y(3). Let c(t) = t - 3. Let u be c(7). Suppose u*g - l = 2*g. List the prime factors of g.
7
Let h = 307 + -104. List the prime factors of h.
7, 29
Suppose -51 = 3*q - 150. What are the prime factors of q?
3, 11
Let g(i) = i + 2*i**3 + i**2 + 2 - 3*i**3 - 3*i**2 + 2*i. Let u be g(-3). List the prime factors of (28*(3 - u))/2.
2, 7
Let j(k) = -k - 10. Let q be j(-11). Let c = 6 + q. Suppose c + 17 = 4*u. What are the prime factors of u?
2, 3
Let h be (2 - (-6)/(-4))*54. Let t = -15 + 39. Suppose -2*d - b = -h, -3*d - 3*b + t = -24. List the prime factors of d.
11
What are the prime factors of 258/12 - (-1)/2?
2, 11
Suppose 4*a - 3*a - 23 = i, 0 = -4*i - 16. List the prime factors of a.
19
Suppose 2*m + 4*p + 10 = 30, -5*m - p = -5. Suppose -3*u + 74 = j, m*j = -5*j - 5. List the prime factors of u.
5
Let b be 33*1/((-9)/(-6)). What are the prime factors of (-7)/(-2) + 11/b?
2
Let z(x) = x**2 - 3*x - 1. Let t be z(9). Suppose 4*b = t + 123. List the prime factors of b.
2, 11
What are the prime factors of (-2919)/(-28) - 1/4?
2, 13
Suppose -4*x - 4*a = -13 + 1, 0 = -x + 4*a + 8. Suppose 3*w - 14 = -2*h, -x*w + 21 = h + 2*h. List the prime factors of h.
7
Suppose 2*v + 14 + 0 = 0. Let h(g) = -g**2 + 7*g - 2. Let k be h(8). Let n = v - k. What are the prime factors of n?
3
Suppose -10*r - 899 + 2329 = 0. What are the prime factors of r?
11, 13
Let u(l) be the first derivative of -3*l**2/2 + 2*l - 2. What are the prime factors of u(-2)?
2
Suppose d = -4 - 3. Let h(w) = -w**2 + 14*w + 19. Let m be h(15). List the prime factors of (d + 3)*(-13)/m.
13
Let v(r) = -3*r**2 - 3 + r + 2 + 0*r**3 + r**3. List the prime factors of v(3).
2
Suppose 0 = a - 11 - 1. List the prime factors of a.
2, 3
Let c = -16 - -16. Suppose c = 4*z + s - 133, 0*z - z - 5*s = -57. List the prime factors of z.
2
What are the prime factors of ((-6)/9)/((-6)/225)?
5
Let o = 1 + 8. Let w(s) = 5 - o + 20 + s. What are the prime factors of w(-7)?
3
Suppose -2*y + 77 = 2*l - 19, 0 = y - 4*l - 48. What are the prime factors of y?
2, 3
Suppose -t - 22 = -3*t. What are the prime factors of t?
11
Let m(w) = 3*w + 1. Let d(c) = -c - 4. Let l be d(-9). What are the prime factors of m(l)?
2
Suppose 0 = -n + 6 - 1. What are the prime factors of 23/n + 6/(-10)?
2
Let j = -16 + 29. Suppose 2*y = 5*l + 10, j = -l - l - y. What are the prime factors of l*((-2)/(-4))/(-1)?
2
Let u be 12 + -14 - 17*-1. Suppose -o = 3*f - 12, 2*o + 2*f = -0*f + 20. Let y = u - o. What are the prime factors of y?
2, 3
Let g = -165 + 277. Suppose d - g = -3*d. Let t = -14 + d. List the prime factors of t.
2, 7
Let h(b) = b**2 - 5*b - 1. Let t be h(4). Let r(a) = a**2 + 3*a + 2. What are the prime factors of r(t)?
2, 3
Let m = 17 + -16. What are the prime factors of 15*m/(-2)*-4?
2, 3, 5
List the prime factors of (-284)/(-14) - 18/63.
2, 5
Let o = 7 - 12. Let d(v) = 3 + 2*v + v**2 + 0 + 2*v. List the prime factors of d(o).
2
Suppose 3*a + 7*s - 82 = 3*s, 5*a - 90 = 5*s. What are the prime factors of a?
2, 11
Let u(y) = y**2 - 6*y + 2. Let s be (-38)/(-6) + 1/(-3). Let g be u(s). Suppose g = 2*f - 22. What are the prime factors of f?
2, 3
Let u be (-5)/(-5) + (0 - -1). Suppose -u*p = -0*p - 6. Suppose 2*z - p*z = -16. What are the prime factors of z?
2
Suppose 85 = 5*t + 3*x - 132, -4*x = -5*t + 189. What are the prime factors of t?
41
Suppose -3*y + 2*m + 17 = 3*m, -3*m = -5*y + 5. Let h(g) = g**3 - 3*g**2 - 2*g + 1. List the prime factors of h(y).
3
Let k(x) = -x**2 - 4 + x**3 + 2 - 3*x - 2*x. Let n be k(4). Let l = n - 16. What are th